17 + -4133. Calculate the remainder when 223 is divided by c.
39
Calculate the remainder when (-30)/9*78798/(-230) is divided by 372.
26
Calculate the remainder when 447 is divided by (356/1068)/(((-3)/(-216))/((-2)/(-3))).
15
Let b = 4835 - 4809. What is the remainder when 308 + (-1)/(-2 - -3) is divided by b?
21
Let m = -77570 - -77831. Let y = 115 + -82. Calculate the remainder when m is divided by y.
30
Let h be ((-72)/(-27))/(2/(-3)). Calculate the remainder when (-3081)/(-12) + (7/h - -2) is divided by 65.
62
Let t be 1 + 17/2 - (-2)/4. Suppose t + 0 = 2*x. Suppose 25 + 160 = x*o. Calculate the remainder when o is divided by 10.
7
Suppose -z - 695 = -6*z. Calculate the remainder when z is divided by (10/(-15))/(4170/4230 - 1).
45
Let b(g) = 47*g - 50. Let d = 224 - 207. Calculate the remainder when b(d) is divided by 30.
29
Let i(z) = 8*z - 62. Let j be i(6). What is the remainder when 41 + (j - 7/(-1)) is divided by 7?
6
Let u = -8294 - -8472. What is the remainder when u is divided by 162?
16
Let f = 18832 + -18785. Calculate the remainder when 8457 is divided by f.
44
Suppose 0 = 4*m - 3*x - 37, m + 3*x = -0 - 2. Suppose -212 = -4*b - 5*f, -2*b + 5*f - 260 = -m*b. What is the remainder when 287 is divided by b?
47
Let t(v) = -v**2 + 7*v + 18. Let u be t(9). Suppose 0 = -4*d + 3*a + 209, -4 = -4*a - u*a. Calculate the remainder when d is divided by (28/6)/(1/3).
11
Suppose 12 = -4*j, -4*j + 78 = -3*r - 0*j. What is the remainder when 53 - (1 - -5)/(45/r) is divided by 16?
9
Let y = -51351 + 51379. Suppose -w - 66 = -2*w + 5*g, 3*w - 4*g = 154. Calculate the remainder when w is divided by y.
18
Let i be 3657*((-11)/(55/50) + -3). Calculate the remainder when (-6)/8 + (i/52)/(-23) is divided by 5.
4
Suppose 2419*b - 630 = 2349*b. Calculate the remainder when 160 is divided by b.
7
Suppose -3*g + 4*p + 36 = -0*p, 3*g - 15 = -3*p. Let c(x) = x**3 - 8*x**2 + 3*x - 8. Suppose -2*j - 10 = -3*j. What is the remainder when c(g) is divided by j?
6
Suppose 73*t = -3*r + 71*t + 19517, 0 = -2*r - 5*t + 13037. Calculate the remainder when r is divided by 8.
5
Suppose -1646 - 1657 = -3*r. What is the remainder when r is divided by 70?
51
Let d(n) = n**3 - 27*n**2 + 166*n + 11. What is the remainder when 499 is divided by d(19)?
222
Let l = 137 - -33. Let w(c) = 15*c**2 + 17*c - 7. Calculate the remainder when l is divided by w(1).
20
Suppose -38119*t = -38093*t - 41938. What is the remainder when t is divided by 77?
73
Let g(k) = 373*k**2 - 4*k - 8. Calculate the remainder when g(-1) is divided by 125.
119
Suppose 53 = -s + 181. Let n(k) = -87*k + 17183. Calculate the remainder when s is divided by n(197).
40
What is the remainder when (21/(-9) - -2)/(-1 - (-4942)/4956) is divided by 103?
15
Suppose 210 = 3*q + 3*l - 5*l, 0 = -3*q + 3*l + 210. Suppose -183*s + 186*s - 54 = 0. Calculate the remainder when q is divided by s.
16
Let j = -27 - -56. Calculate the remainder when (5 - (-277)/2)/((-2)/(-4)) is divided by j.
26
Let p = 514 - 116. Let w = p - 354. Calculate the remainder when w is divided by 9.
8
Let a(y) = 6*y + 38. Let b be (1*-3)/(-1) + -60 + 57. What is the remainder when a(b) is divided by 13?
12
Suppose -560 = -4*q + 4*h, 4*h = -4*q - h + 587. Calculate the remainder when q is divided by 13.
0
Suppose -3*s + 755 = 4*k, 200*k - 197*k - 5*s = 588. What is the remainder when k is divided by 143?
48
Let u = 41027 + -41022. Calculate the remainder when 6138 is divided by u.
3
Let h = 2138 + -1367. Calculate the remainder when h is divided by 257.
0
Let h be ((-9752)/(-230))/((-4)/(-10)). Calculate the remainder when ((-2)/4 - 0)/((-1)/h) is divided by 35.
18
Let u = -7077 - -7927. Calculate the remainder when u is divided by 96.
82
Suppose -8*n + 48 + 677 = 17*n. What is the remainder when 424 is divided by n?
18
Suppose -10*n + 20 = -9*n. Let q(a) = -a**2 + a + 25. Let j be q(0). Let z = j - -53. What is the remainder when z is divided by n?
18
Let b(f) = -f**3 - 7*f**2 + 9*f - 7. Let d be b(3). What is the remainder when (d/(-30) - (-4)/6) + 41 is divided by 23?
21
Let l be (-3 - -17)*(2 + 2 - 2). Suppose 0 = -18*w + 4*w - l. What is the remainder when 14 is divided by ((-10)/(-2))/(w - -3)?
4
Calculate the remainder when 1695 is divided by 20621/85 + 6/15 + 0.
237
Suppose -715 - 1529 = -22*s. Calculate the remainder when s is divided by 13.
11
Let c(n) = -n**3 + 5*n**2 + 24*n + 11. Let y be (-2)/(-4) + 0 - (-225)/30. Calculate the remainder when 96 is divided by c(y).
8
Suppose 73*b + 187*b - 415*b + 1705 = 0. What is the remainder when (118/4)/((-7)/(-28)) is divided by b?
8
Let x be (-8 + 6 + 2)/(-3). Calculate the remainder when 400 is divided by 10*1/1 + x + 3.
10
Let x = -5809 + 5860. What is the remainder when 168 is divided by x?
15
Let f(y) = -y**2 - 5*y + 12. Suppose -5*l + 165 = 35. Let p = -5 + l. What is the remainder when p is divided by f(0)?
9
Let y(x) = -4323*x**3 - 2*x**2 - 72*x - 70. Calculate the remainder when y(-1) is divided by 14.
11
Calculate the remainder when ((-4)/(-5)*-7)/(-4 + 9816/2460) is divided by 182.
28
Suppose -3*q = -2*i - 4094, 2*q + 5*i - 1955 - 806 = 0. What is the remainder when q is divided by 668?
32
Let r be (-2)/18 + (-968)/36. Let u = 18 + r. Let w = 20 + u. Calculate the remainder when 41 is divided by w.
8
Suppose 0 = -1340*w + 1344*w - 288. What is the remainder when 568 is divided by w?
64
Suppose -5*y + 7 + 13 = 0. Suppose 0 = -8*b - 296 - 944. Let r = 170 + b. Calculate the remainder when r is divided by y.
3
Let f(z) = -7*z**3 - 4*z**2 - z - 4. Let g be f(-4). Let m = 523 - g. Calculate the remainder when m is divided by 46.
1
Suppose -4*b - 166 = -3*k - 0*b, b - 53 = -k. What is the remainder when 1*-1 + (2048/(-16))/(-8) is divided by 8/(-6) + 450/k?
1
Suppose -6*c = -353 + 77. Suppose 0 = j - 63 + c. What is the remainder when 32 is divided by j?
15
Let f be 1/(-8) - 1260/(-96). Suppose 70 = f*p - 3*p. Calculate the remainder when -1*2/2*-19 is divided by p.
5
Suppose -3*j - 594 = -0*j - 14*j. Calculate the remainder when 214 is divided by j.
52
Let a(w) = w**3 + 3*w**2 + w + 109. Suppose 0*l = 5*l - 20. Suppose q = 5*p - 115, 2*p + l*q = 4 + 20. Calculate the remainder when a(0) is divided by p.
21
Suppose -2728 = -0*u - 44*u. Calculate the remainder when 290 is divided by u.
42
Let h = -37 - -83. Let i = h + -20. Let t(q) = q**3 - 3*q + 74. What is the remainder when t(0) is divided by i?
22
Let d = 97 + -99. What is the remainder when 4*-2*((-18)/3 - d) is divided by (-34)/(-3) - 1/3?
10
Let y = 119 + -110. Calculate the remainder when y - (9/(-3))/(-1)*-1 is divided by 2.
0
Suppose u - 3 = 0, -3*o + 305 = -3*u - 46. Suppose 678 + o = 14*m. What is the remainder when m is divided by 12?
9
Let b(q) = q**2 - 30*q - 14. Calculate the remainder when 94 is divided by b(32).
44
Let a(l) = -60*l**3 - 2*l**2 + 37*l + 106. Calculate the remainder when a(-4) is divided by 28.
14
Suppose 470 = -10*f - 75*f + 16960. What is the remainder when 399 is divided by f?
11
What is the remainder when -22*((-138)/46)/(33/12 - 2) is divided by 44?
0
Let r(v) = 16*v**2 - 8*v + 9. Let t be r(2). Suppose 19*b - 627 = t. Calculate the remainder when 69 is divided by b.
33
Suppose 18*m - 124 = -13*m. Suppose m*s - 113 = -5*k, s - 34 = -3*k + 3. Calculate the remainder when 285 is divided by s.
21
Let i = 1673 + -2591. Let j be (-1 - i/(-21)) + (-4)/14. Let r = j + 65. Calculate the remainder when 59 is divided by r.
19
Suppose 40 = 3*k - 26. Let s be 4/6*(-3)/(-3)*6. Suppose 0 = s*z + 2*b - 148, -5*z + 218 - 24 = -2*b. What is the remainder when z is divided by k?
16
Let f = 110 + -99. Suppose -2 = 3*c + 5*x + f, 3*c - 27 = 3*x. Suppose -3*d - 4*p = -p - 69, c = -4*p. What is the remainder when 39 is divided by d?
15
Let w = -34 - -39. Suppose -3*g = -1 - w. Suppose 5*t - 45 = -z, -g*t - 3*t = 4*z - 30. Calculate the remainder when t is divided by 4.
2
Suppose -1597 + 3938 = -131*d + 43475. Calculate the remainder when 314 is divided by d.
0
Suppose -5*c - 15*z + 18*z = -9986, c + 3*z = 2008. What is the remainder when c is divided by 41?
31
Suppose 11 = 4*z + 3*v, 0 = 5*z - 9*v + 4*v - 40. What is the remainder when 24 is divided by z?
4
Suppose -22*u + 96 = -36. What is the remainder when 177 is divid